{"id":3537,"date":"2024-11-27T23:30:31","date_gmt":"2024-11-27T22:30:31","guid":{"rendered":"https:\/\/www.allianceclimat.com\/?page_id=3537"},"modified":"2024-12-10T22:48:01","modified_gmt":"2024-12-10T21:48:01","slug":"lancement-alic","status":"publish","type":"page","link":"https:\/\/www.allianceclimat.com\/index.php\/lancement-alic\/","title":{"rendered":"Lancement ALIC"},"content":{"rendered":"\t\t<div data-elementor-type=\"wp-page\" data-elementor-id=\"3537\" class=\"elementor elementor-3537\">\n\t\t\t\t<div class=\"elementor-element elementor-element-9445328 e-grid e-con-boxed e-con e-parent\" data-id=\"9445328\" data-element_type=\"container\" data-settings=\"{&quot;background_background&quot;:&quot;classic&quot;}\">\n\t\t\t\t\t<div class=\"e-con-inner\">\n\t\t\t\t<div class=\"elementor-element elementor-element-5d25004 elementor-widget elementor-widget-image\" data-id=\"5d25004\" data-element_type=\"widget\" data-widget_type=\"image.default\">\n\t\t\t\t<div class=\"elementor-widget-container\">\n\t\t\t<style>\/*! elementor - v3.22.0 - 17-06-2024 *\/\n.elementor-widget-image{text-align:center}.elementor-widget-image a{display:inline-block}.elementor-widget-image a img[src$=\".svg\"]{width:48px}.elementor-widget-image img{vertical-align:middle;display:inline-block}<\/style>\t\t\t\t\t\t\t\t\t\t<img fetchpriority=\"high\" decoding=\"async\" width=\"512\" height=\"512\" src=\"https:\/\/www.allianceclimat.com\/wp-content\/uploads\/2024\/08\/cropped-alic-logo-new.png\" class=\"attachment-large size-large wp-image-3418\" alt=\"\" srcset=\"https:\/\/www.allianceclimat.com\/wp-content\/uploads\/2024\/08\/cropped-alic-logo-new.png 512w, https:\/\/www.allianceclimat.com\/wp-content\/uploads\/2024\/08\/cropped-alic-logo-new-300x300.png 300w, https:\/\/www.allianceclimat.com\/wp-content\/uploads\/2024\/08\/cropped-alic-logo-new-150x150.png 150w, https:\/\/www.allianceclimat.com\/wp-content\/uploads\/2024\/08\/cropped-alic-logo-new-100x100.png 100w, https:\/\/www.allianceclimat.com\/wp-content\/uploads\/2024\/08\/cropped-alic-logo-new-270x270.png 270w, https:\/\/www.allianceclimat.com\/wp-content\/uploads\/2024\/08\/cropped-alic-logo-new-192x192.png 192w, https:\/\/www.allianceclimat.com\/wp-content\/uploads\/2024\/08\/cropped-alic-logo-new-180x180.png 180w, https:\/\/www.allianceclimat.com\/wp-content\/uploads\/2024\/08\/cropped-alic-logo-new-32x32.png 32w\" sizes=\"(max-width: 512px) 100vw, 512px\" \/>\t\t\t\t\t\t\t\t\t\t\t\t\t<\/div>\n\t\t\t\t<\/div>\n\t\t\t\t<div class=\"elementor-element elementor-element-35426a2 elementor-widget elementor-widget-heading\" data-id=\"35426a2\" data-element_type=\"widget\" data-widget_type=\"heading.default\">\n\t\t\t\t<div class=\"elementor-widget-container\">\n\t\t\t<style>\/*! elementor - v3.22.0 - 17-06-2024 *\/\n.elementor-heading-title{padding:0;margin:0;line-height:1}.elementor-widget-heading .elementor-heading-title[class*=elementor-size-]>a{color:inherit;font-size:inherit;line-height:inherit}.elementor-widget-heading .elementor-heading-title.elementor-size-small{font-size:15px}.elementor-widget-heading .elementor-heading-title.elementor-size-medium{font-size:19px}.elementor-widget-heading .elementor-heading-title.elementor-size-large{font-size:29px}.elementor-widget-heading .elementor-heading-title.elementor-size-xl{font-size:39px}.elementor-widget-heading .elementor-heading-title.elementor-size-xxl{font-size:59px}<\/style><h2 class=\"elementor-heading-title elementor-size-default\">Lancement <br>\n<span style=\"color:  #348239;\">A<\/span>lliance <span style=\"color:  #348239;\">I<\/span>nternationale pour <br>le <span style=\"color:  #348239;\">C<\/span>limat (ALIC) ! <\/h2>\t\t<\/div>\n\t\t\t\t<\/div>\n\t\t\t\t\t<\/div>\n\t\t\t\t<\/div>\n\t\t<div class=\"elementor-element elementor-element-400e862 e-flex e-con-boxed e-con e-parent\" data-id=\"400e862\" data-element_type=\"container\">\n\t\t\t\t\t<div class=\"e-con-inner\">\n\t\t\t\t<div class=\"elementor-element elementor-element-a61ed32 elementor-widget elementor-widget-spacer\" data-id=\"a61ed32\" data-element_type=\"widget\" data-widget_type=\"spacer.default\">\n\t\t\t\t<div class=\"elementor-widget-container\">\n\t\t\t<style>\/*! elementor - v3.22.0 - 17-06-2024 *\/\n.elementor-column .elementor-spacer-inner{height:var(--spacer-size)}.e-con{--container-widget-width:100%}.e-con-inner>.elementor-widget-spacer,.e-con>.elementor-widget-spacer{width:var(--container-widget-width,var(--spacer-size));--align-self:var(--container-widget-align-self,initial);--flex-shrink:0}.e-con-inner>.elementor-widget-spacer>.elementor-widget-container,.e-con>.elementor-widget-spacer>.elementor-widget-container{height:100%;width:100%}.e-con-inner>.elementor-widget-spacer>.elementor-widget-container>.elementor-spacer,.e-con>.elementor-widget-spacer>.elementor-widget-container>.elementor-spacer{height:100%}.e-con-inner>.elementor-widget-spacer>.elementor-widget-container>.elementor-spacer>.elementor-spacer-inner,.e-con>.elementor-widget-spacer>.elementor-widget-container>.elementor-spacer>.elementor-spacer-inner{height:var(--container-widget-height,var(--spacer-size))}.e-con-inner>.elementor-widget-spacer.elementor-widget-empty,.e-con>.elementor-widget-spacer.elementor-widget-empty{position:relative;min-height:22px;min-width:22px}.e-con-inner>.elementor-widget-spacer.elementor-widget-empty .elementor-widget-empty-icon,.e-con>.elementor-widget-spacer.elementor-widget-empty .elementor-widget-empty-icon{position:absolute;top:0;bottom:0;left:0;right:0;margin:auto;padding:0;width:22px;height:22px}<\/style>\t\t<div class=\"elementor-spacer\">\n\t\t\t<div class=\"elementor-spacer-inner\"><\/div>\n\t\t<\/div>\n\t\t\t\t<\/div>\n\t\t\t\t<\/div>\n\t\t\t\t<div class=\"elementor-element elementor-element-49103df elementor-widget elementor-widget-heading\" data-id=\"49103df\" data-element_type=\"widget\" data-widget_type=\"heading.default\">\n\t\t\t\t<div class=\"elementor-widget-container\">\n\t\t\t<h2 class=\"elementor-heading-title elementor-size-default\">Breaking News!<\/h2>\t\t<\/div>\n\t\t\t\t<\/div>\n\t\t\t\t<div class=\"elementor-element elementor-element-1d7ea58 elementor-widget elementor-widget-spacer\" data-id=\"1d7ea58\" data-element_type=\"widget\" data-widget_type=\"spacer.default\">\n\t\t\t\t<div class=\"elementor-widget-container\">\n\t\t\t\t\t<div class=\"elementor-spacer\">\n\t\t\t<div class=\"elementor-spacer-inner\"><\/div>\n\t\t<\/div>\n\t\t\t\t<\/div>\n\t\t\t\t<\/div>\n\t\t\t\t\t<\/div>\n\t\t\t\t<\/div>\n\t\t<div class=\"elementor-element elementor-element-5538b74 e-flex e-con-boxed e-con e-parent\" data-id=\"5538b74\" data-element_type=\"container\" data-settings=\"{&quot;background_background&quot;:&quot;classic&quot;}\">\n\t\t\t\t\t<div class=\"e-con-inner\">\n\t\t<div class=\"elementor-element elementor-element-ff61200 e-grid e-con-full e-con e-child\" data-id=\"ff61200\" data-element_type=\"container\" data-settings=\"{&quot;background_background&quot;:&quot;classic&quot;}\">\n\t\t\t\t<div class=\"elementor-element elementor-element-5b9523c elementor-widget elementor-widget-heading\" data-id=\"5b9523c\" data-element_type=\"widget\" data-widget_type=\"heading.default\">\n\t\t\t\t<div class=\"elementor-widget-container\">\n\t\t\t<h2 class=\"elementor-heading-title elementor-size-default\">Ce 10 janvier 2025<\/h2>\t\t<\/div>\n\t\t\t\t<\/div>\n\t\t\t\t<div class=\"elementor-element elementor-element-ac136f0 elementor-widget elementor-widget-text-editor\" data-id=\"ac136f0\" data-element_type=\"widget\" data-widget_type=\"text-editor.default\">\n\t\t\t\t<div class=\"elementor-widget-container\">\n\t\t\t<style>\/*! elementor - v3.22.0 - 17-06-2024 *\/\n.elementor-widget-text-editor.elementor-drop-cap-view-stacked .elementor-drop-cap{background-color:#69727d;color:#fff}.elementor-widget-text-editor.elementor-drop-cap-view-framed .elementor-drop-cap{color:#69727d;border:3px solid;background-color:transparent}.elementor-widget-text-editor:not(.elementor-drop-cap-view-default) .elementor-drop-cap{margin-top:8px}.elementor-widget-text-editor:not(.elementor-drop-cap-view-default) .elementor-drop-cap-letter{width:1em;height:1em}.elementor-widget-text-editor .elementor-drop-cap{float:left;text-align:center;line-height:1;font-size:50px}.elementor-widget-text-editor .elementor-drop-cap-letter{display:inline-block}<\/style>\t\t\t\t<p>aux Salons Hoche \u00e0 Paris, l\u2019Alliance Internationale pour le Climat (ALIC), en pr\u00e9sence de son Pr\u00e9sident d&rsquo;honneur Abdou Diouf \u2013 ancien Pr\u00e9sident de la R\u00e9publique du S\u00e9n\u00e9gal de 1981 \u00e0 2000 &#8211; d\u00e9voilera ses actions et programmes en pr\u00e9sence de dignitaires, chefs d&rsquo;entreprise et activistes du monde entier. Cet \u00e9v\u00e9nement marquera un tournant pour les initiatives climatiques en Afrique et au-del\u00e0 !<\/p>\t\t\t\t\t\t<\/div>\n\t\t\t\t<\/div>\n\t\t\t\t<\/div>\n\t\t\t\t\t<\/div>\n\t\t\t\t<\/div>\n\t\t<div class=\"elementor-element elementor-element-61f8918 e-flex e-con-boxed e-con e-parent\" data-id=\"61f8918\" data-element_type=\"container\">\n\t\t\t\t\t<div class=\"e-con-inner\">\n\t\t\t\t<div class=\"elementor-element elementor-element-565fa77 elementor-widget elementor-widget-spacer\" data-id=\"565fa77\" data-element_type=\"widget\" data-widget_type=\"spacer.default\">\n\t\t\t\t<div class=\"elementor-widget-container\">\n\t\t\t\t\t<div class=\"elementor-spacer\">\n\t\t\t<div class=\"elementor-spacer-inner\"><\/div>\n\t\t<\/div>\n\t\t\t\t<\/div>\n\t\t\t\t<\/div>\n\t\t\t\t<div class=\"elementor-element elementor-element-4aba02f elementor-widget elementor-widget-heading\" data-id=\"4aba02f\" data-element_type=\"widget\" data-widget_type=\"heading.default\">\n\t\t\t\t<div class=\"elementor-widget-container\">\n\t\t\t<h2 class=\"elementor-heading-title elementor-size-default\">Plus d'informations \u00e0 venir...<\/h2>\t\t<\/div>\n\t\t\t\t<\/div>\n\t\t\t\t<div class=\"elementor-element elementor-element-9007711 elementor-widget elementor-widget-spacer\" data-id=\"9007711\" data-element_type=\"widget\" data-widget_type=\"spacer.default\">\n\t\t\t\t<div class=\"elementor-widget-container\">\n\t\t\t\t\t<div class=\"elementor-spacer\">\n\t\t\t<div class=\"elementor-spacer-inner\"><\/div>\n\t\t<\/div>\n\t\t\t\t<\/div>\n\t\t\t\t<\/div>\n\t\t\t\t\t<\/div>\n\t\t\t\t<\/div>\n\t\t<div class=\"elementor-element elementor-element-032b5c3 e-flex e-con-boxed e-con e-parent\" data-id=\"032b5c3\" data-element_type=\"container\">\n\t\t\t\t\t<div class=\"e-con-inner\">\n\t\t\t\t<div class=\"elementor-element elementor-element-4e26abc elementor-widget elementor-widget-html\" data-id=\"4e26abc\" data-element_type=\"widget\" data-widget_type=\"html.default\">\n\t\t\t\t<div class=\"elementor-widget-container\">\n\t\t\t<style>\n    .breadcroumb-area {\n    \/* padding: 150px 0; *\/\n    background-color: #348239;\n    padding-top: 200px;\n    padding-bottom: 60px;\n}\n<\/style>\t\t<\/div>\n\t\t\t\t<\/div>\n\t\t\t\t\t<\/div>\n\t\t\t\t<\/div>\n\t\t\t\t<\/div>\n\t\t","protected":false},"excerpt":{"rendered":"<p>Lancement Alliance Internationale pour le Climat (ALIC) ! Breaking News! Ce 10 janvier 2025 aux Salons Hoche \u00e0 Paris, l\u2019Alliance Internationale pour le Climat (ALIC), en pr\u00e9sence de son Pr\u00e9sident d&rsquo;honneur Abdou Diouf \u2013 ancien Pr\u00e9sident de la R\u00e9publique du S\u00e9n\u00e9gal de 1981 \u00e0 2000 &#8211; d\u00e9voilera ses actions et programmes en pr\u00e9sence de dignitaires, [&hellip;]<\/p>\n","protected":false},"author":1,"featured_media":0,"parent":0,"menu_order":0,"comment_status":"closed","ping_status":"closed","template":"","meta":{"footnotes":""},"class_list":["post-3537","page","type-page","status-publish","hentry"],"_links":{"self":[{"href":"https:\/\/www.allianceclimat.com\/index.php\/wp-json\/wp\/v2\/pages\/3537","targetHints":{"allow":["GET"]}}],"collection":[{"href":"https:\/\/www.allianceclimat.com\/index.php\/wp-json\/wp\/v2\/pages"}],"about":[{"href":"https:\/\/www.allianceclimat.com\/index.php\/wp-json\/wp\/v2\/types\/page"}],"author":[{"embeddable":true,"href":"https:\/\/www.allianceclimat.com\/index.php\/wp-json\/wp\/v2\/users\/1"}],"replies":[{"embeddable":true,"href":"https:\/\/www.allianceclimat.com\/index.php\/wp-json\/wp\/v2\/comments?post=3537"}],"version-history":[{"count":9,"href":"https:\/\/www.allianceclimat.com\/index.php\/wp-json\/wp\/v2\/pages\/3537\/revisions"}],"predecessor-version":[{"id":3654,"href":"https:\/\/www.allianceclimat.com\/index.php\/wp-json\/wp\/v2\/pages\/3537\/revisions\/3654"}],"wp:attachment":[{"href":"https:\/\/www.allianceclimat.com\/index.php\/wp-json\/wp\/v2\/media?parent=3537"}],"curies":[{"name":"wp","href":"https:\/\/api.w.org\/{rel}","templated":true}]}}